{"id":19,"date":"2023-03-16T08:31:13","date_gmt":"2023-03-16T08:31:13","guid":{"rendered":"https:\/\/academiabellesarts.org\/?page_id=19"},"modified":"2023-11-10T09:01:47","modified_gmt":"2023-11-10T09:01:47","slug":"cursos-i-tallers","status":"publish","type":"page","link":"https:\/\/academiabellesarts.org\/eng\/cursos-i-tallers\/","title":{"rendered":"Courses and workshops"},"content":{"rendered":"<style>.kb-row-layout-id19_0ea6c6-3d > .kt-row-column-wrap{align-content:start;}:where(.kb-row-layout-id19_0ea6c6-3d > .kt-row-column-wrap) > .wp-block-kadence-column{justify-content:start;}.kb-row-layout-id19_0ea6c6-3d > .kt-row-column-wrap{column-gap:var(--global-kb-gap-md, 2rem);row-gap:var(--global-kb-gap-md, 2rem);max-width:var( --global-content-width, 1290px );padding-left:var(--global-content-edge-padding);padding-right:var(--global-content-edge-padding);padding-top:var(--global-kb-spacing-xl, 4rem);padding-bottom:var(--global-kb-spacing-xxl, 5rem);grid-template-columns:minmax(0, 1fr);}.kb-row-layout-id19_0ea6c6-3d > .kt-row-layout-overlay{opacity:0.30;}@media all and (max-width: 1024px){.kb-row-layout-id19_0ea6c6-3d > .kt-row-column-wrap{grid-template-columns:minmax(0, 1fr);}}@media all and (max-width: 767px){.kb-row-layout-id19_0ea6c6-3d > .kt-row-column-wrap{grid-template-columns:minmax(0, 1fr);}}<\/style><div class=\"kb-row-layout-wrap kb-row-layout-id19_0ea6c6-3d alignnone wp-block-kadence-rowlayout\"><div class=\"kt-row-column-wrap kt-has-1-columns kt-row-layout-equal kt-tab-layout-inherit kt-mobile-layout-row kt-row-valign-top kb-theme-content-width\">\n<style>.kadence-column19_96a222-24 > .kt-inside-inner-col,.kadence-column19_96a222-24 > .kt-inside-inner-col:before{border-top-left-radius:0px;border-top-right-radius:0px;border-bottom-right-radius:0px;border-bottom-left-radius:0px;}.kadence-column19_96a222-24 > .kt-inside-inner-col{column-gap:var(--global-kb-gap-sm, 1rem);}.kadence-column19_96a222-24 > .kt-inside-inner-col{flex-direction:column;}.kadence-column19_96a222-24 > .kt-inside-inner-col > .aligncenter{width:100%;}.kadence-column19_96a222-24 > .kt-inside-inner-col:before{opacity:0.3;}.kadence-column19_96a222-24{position:relative;}@media all and (max-width: 1024px){.kadence-column19_96a222-24 > .kt-inside-inner-col{flex-direction:column;justify-content:center;}}@media all and (max-width: 767px){.kadence-column19_96a222-24 > .kt-inside-inner-col{flex-direction:column;justify-content:center;}}<\/style>\n<div class=\"wp-block-kadence-column kadence-column19_96a222-24\"><div class=\"kt-inside-inner-col\">\r\n \r\n        <div class='grid-cursos'>\r\n\r\n  \r\n            <div class=\"cursos-col\">\r\n            <div class=\"cursos-content\"> \r\n\t\t\r\n                \r\n        \r\n                \r\n        \r\n            <a style=\"text-decoration: none;\" href=\"https:\/\/academiabellesarts.org\/eng\/cursos-i-tallers\/ciutat-i-escola\/\">\r\n            <div class=\"cursos-image\" style=\"background-image: url(https:\/\/academiabellesarts.org\/wp-content\/uploads\/2023\/10\/IMG_1529-1024x768.jpg);\"><\/div>\r\n            <!--<img decoding=\"async\" src=\"https:\/\/academiabellesarts.org\/wp-content\/uploads\/2023\/10\/IMG_1529-1024x768.jpg\" alt=\"\" \/>-->\r\n            <\/a>\r\n                <div class=\"cursos-text\">\r\n                    <a style=\"text-decoration: none;\" href=\"https:\/\/academiabellesarts.org\/eng\/cursos-i-tallers\/ciutat-i-escola\/\">\r\n                        <h3>City and School<\/h3>\r\n        \r\n                    <\/a>\r\n        \r\n                    <p class=\"curs\">\r\n                        Curs 2025\/26\r\n                    <\/p>\r\n\r\n            \r\n                    <p class=\"public\">\r\n                        Primary education students.\r\n                    <\/p>\r\n\r\n            \r\n                    <a style=\"text-decoration: none;\" class=\"custom-button\" target=\"_blank\" href=\"https:\/\/academiabellesarts.org\/eng\/cursos-i-tallers\/ciutat-i-escola\/\">\r\n                        More information\r\n                    <\/a>\r\n\r\n            \r\n                <\/div>\r\n            <\/div>\r\n\t\t\t<\/div>\r\n        \r\n  \r\n            <div class=\"cursos-col\">\r\n            <div class=\"cursos-content\"> \r\n\t\t\r\n                \r\n        \r\n                \r\n        \r\n            <a style=\"text-decoration: none;\" href=\"https:\/\/academiabellesarts.org\/eng\/cursos-i-tallers\/aula-de-nu\/\">\r\n            <div class=\"cursos-image\" style=\"background-image: url(https:\/\/academiabellesarts.org\/wp-content\/uploads\/2023\/06\/IMG_2746.jpg);\"><\/div>\r\n            <!--<img decoding=\"async\" src=\"https:\/\/academiabellesarts.org\/wp-content\/uploads\/2023\/06\/IMG_2746.jpg\" alt=\"\" \/>-->\r\n            <\/a>\r\n                <div class=\"cursos-text\">\r\n                    <a style=\"text-decoration: none;\" href=\"https:\/\/academiabellesarts.org\/eng\/cursos-i-tallers\/aula-de-nu\/\">\r\n                        <h3>Aula oberta de dibuix de nu<\/h3>\r\n        \r\n                        <p class=\"carrec\">\r\n                            In charge of <b>Joseph Ubia<\/b>\r\n                        <\/p>\r\n\r\n            \r\n                    <\/a>\r\n        \r\n                    <p class=\"curs\">\r\n                        Curs 2025\/26\r\n                    <\/p>\r\n\r\n            \r\n                    <p class=\"public\">\r\n                        Aimed at adult audiences\r\n                    <\/p>\r\n\r\n            \r\n                    <a style=\"text-decoration: none;\" class=\"custom-button\" target=\"_blank\" href=\"https:\/\/academiabellesarts.org\/eng\/cursos-i-tallers\/aula-de-nu\/\">\r\n                        More information\r\n                    <\/a>\r\n\r\n            \r\n                <\/div>\r\n            <\/div>\r\n\t\t\t<\/div>\r\n        \r\n  \r\n            <div class=\"cursos-col\">\r\n            <div class=\"cursos-content\"> \r\n\t\t\r\n                \r\n        \r\n                \r\n        \r\n            <a style=\"text-decoration: none;\" href=\"https:\/\/academiabellesarts.org\/eng\/cursos-i-tallers\/descobrim-lart\/\">\r\n            <div class=\"cursos-image\" style=\"background-image: url(https:\/\/academiabellesarts.org\/wp-content\/uploads\/2023\/10\/8-1024x686.jpg);\"><\/div>\r\n            <!--<img decoding=\"async\" src=\"https:\/\/academiabellesarts.org\/wp-content\/uploads\/2023\/10\/8-1024x686.jpg\" alt=\"\" \/>-->\r\n            <\/a>\r\n                <div class=\"cursos-text\">\r\n                    <a style=\"text-decoration: none;\" href=\"https:\/\/academiabellesarts.org\/eng\/cursos-i-tallers\/descobrim-lart\/\">\r\n                        <h3>Let&#039;s discover art!<\/h3>\r\n        \r\n                        <p class=\"carrec\">\r\n                            In charge of <b>Rosa Dopazo<\/b>\r\n                        <\/p>\r\n\r\n            \r\n                    <\/a>\r\n        \r\n                    <p class=\"curs\">\r\n                        Curs 2025\/26\r\n                    <\/p>\r\n\r\n            \r\n                    <p class=\"public\">\r\n                        Aimed at adult audiences\r\n                    <\/p>\r\n\r\n            \r\n                    <a style=\"text-decoration: none;\" class=\"custom-button\" target=\"_blank\" href=\"https:\/\/academiabellesarts.org\/eng\/cursos-i-tallers\/descobrim-lart\/\">\r\n                        More information\r\n                    <\/a>\r\n\r\n            \r\n                <\/div>\r\n            <\/div>\r\n\t\t\t<\/div>\r\n        \r\n  \r\n            <div class=\"cursos-col\">\r\n            <div class=\"cursos-content\"> \r\n\t\t\r\n                \r\n        \r\n                \r\n        \r\n            <a style=\"text-decoration: none;\" href=\"https:\/\/academiabellesarts.org\/eng\/cursos-i-tallers\/expressat\/\">\r\n            <div class=\"cursos-image\" style=\"background-image: url(https:\/\/academiabellesarts.org\/wp-content\/uploads\/2023\/06\/IMG_2742-1.jpg);\"><\/div>\r\n            <!--<img decoding=\"async\" src=\"https:\/\/academiabellesarts.org\/wp-content\/uploads\/2023\/06\/IMG_2742-1.jpg\" alt=\"\" \/>-->\r\n            <\/a>\r\n                <div class=\"cursos-text\">\r\n                    <a style=\"text-decoration: none;\" href=\"https:\/\/academiabellesarts.org\/eng\/cursos-i-tallers\/expressat\/\">\r\n                        <h3>Express yourself<\/h3>\r\n        \r\n                        <p class=\"carrec\">\r\n                            In charge of <b>Emma Bee<\/b>\r\n                        <\/p>\r\n\r\n            \r\n                    <\/a>\r\n        \r\n                    <p class=\"curs\">\r\n                        Curs 2025\/26\r\n                    <\/p>\r\n\r\n            \r\n                    <p class=\"public\">\r\n                        Children from 5 to 10 years\r\n                    <\/p>\r\n\r\n            \r\n                    <a style=\"text-decoration: none;\" class=\"custom-button\" target=\"_blank\" href=\"https:\/\/academiabellesarts.org\/eng\/cursos-i-tallers\/expressat\/\">\r\n                        More information\r\n                    <\/a>\r\n\r\n            \r\n                <\/div>\r\n            <\/div>\r\n\t\t\t<\/div>\r\n        \r\n  \r\n            <div class=\"cursos-col\">\r\n            <div class=\"cursos-content\"> \r\n\t\t\r\n                \r\n        \r\n                \r\n        \r\n            <a style=\"text-decoration: none;\" href=\"https:\/\/academiabellesarts.org\/eng\/cursos-i-tallers\/investigacio-artistica\/\">\r\n            <div class=\"cursos-image\" style=\"background-image: url(https:\/\/academiabellesarts.org\/wp-content\/uploads\/2024\/03\/CARTELLS-FLYERS1-1024x724.jpg);\"><\/div>\r\n            <!--<img decoding=\"async\" src=\"https:\/\/academiabellesarts.org\/wp-content\/uploads\/2024\/03\/CARTELLS-FLYERS1-1024x724.jpg\" alt=\"\" \/>-->\r\n            <\/a>\r\n                <div class=\"cursos-text\">\r\n                    <a style=\"text-decoration: none;\" href=\"https:\/\/academiabellesarts.org\/eng\/cursos-i-tallers\/investigacio-artistica\/\">\r\n                        <h3>Artistic research<\/h3>\r\n        \r\n                        <p class=\"carrec\">\r\n                            In charge of <b>Gerard Torres Sanmart\u00ed<\/b>\r\n                        <\/p>\r\n\r\n            \r\n                    <\/a>\r\n        \r\n                    <p class=\"curs\">\r\n                        Curs 2025\/26\r\n                    <\/p>\r\n\r\n            \r\n                    <p class=\"public\">\r\n                        Young people from 11 to 17 years\r\n                    <\/p>\r\n\r\n            \r\n                    <a style=\"text-decoration: none;\" class=\"custom-button\" target=\"_blank\" href=\"https:\/\/academiabellesarts.org\/eng\/cursos-i-tallers\/investigacio-artistica\/\">\r\n                        More information\r\n                    <\/a>\r\n\r\n            \r\n                <\/div>\r\n            <\/div>\r\n\t\t\t<\/div>\r\n        \r\n  \r\n            <div class=\"cursos-col\">\r\n            <div class=\"cursos-content\"> \r\n\t\t\r\n                \r\n        \r\n                \r\n        \r\n            <a style=\"text-decoration: none;\" href=\"https:\/\/academiabellesarts.org\/eng\/cursos-i-tallers\/taller-daquarel%c2%b7la\/\">\r\n            <div class=\"cursos-image\" style=\"background-image: url(https:\/\/academiabellesarts.org\/wp-content\/uploads\/2023\/06\/IMG_2727.jpg);\"><\/div>\r\n            <!--<img decoding=\"async\" src=\"https:\/\/academiabellesarts.org\/wp-content\/uploads\/2023\/06\/IMG_2727.jpg\" alt=\"\" \/>-->\r\n            <\/a>\r\n                <div class=\"cursos-text\">\r\n                    <a style=\"text-decoration: none;\" href=\"https:\/\/academiabellesarts.org\/eng\/cursos-i-tallers\/taller-daquarel%c2%b7la\/\">\r\n                        <h3>Watercolor workshop<\/h3>\r\n        \r\n                        <p class=\"carrec\">\r\n                            In charge of <b>Joan Coch<\/b>\r\n                        <\/p>\r\n\r\n            \r\n                    <\/a>\r\n        \r\n                    <p class=\"curs\">\r\n                        Curs 2025\/26\r\n                    <\/p>\r\n\r\n            \r\n                    <p class=\"public\">\r\n                        Aimed at adult audiences\r\n                    <\/p>\r\n\r\n            \r\n                    <a style=\"text-decoration: none;\" class=\"custom-button\" target=\"_blank\" href=\"https:\/\/academiabellesarts.org\/eng\/cursos-i-tallers\/taller-daquarel%c2%b7la\/\">\r\n                        More information\r\n                    <\/a>\r\n\r\n            \r\n                <\/div>\r\n            <\/div>\r\n\t\t\t<\/div>\r\n        \r\n  \r\n            <div class=\"cursos-col\">\r\n            <div class=\"cursos-content\"> \r\n\t\t\r\n                \r\n        \r\n                \r\n        \r\n            <a style=\"text-decoration: none;\" href=\"https:\/\/academiabellesarts.org\/eng\/cursos-i-tallers\/taller-de-pintura\/\">\r\n            <div class=\"cursos-image\" style=\"background-image: url(https:\/\/academiabellesarts.org\/wp-content\/uploads\/2023\/06\/IMG_2738.jpg);\"><\/div>\r\n            <!--<img decoding=\"async\" src=\"https:\/\/academiabellesarts.org\/wp-content\/uploads\/2023\/06\/IMG_2738.jpg\" alt=\"\" \/>-->\r\n            <\/a>\r\n                <div class=\"cursos-text\">\r\n                    <a style=\"text-decoration: none;\" href=\"https:\/\/academiabellesarts.org\/eng\/cursos-i-tallers\/taller-de-pintura\/\">\r\n                        <h3>Painting workshop<\/h3>\r\n        \r\n                        <p class=\"carrec\">\r\n                            In charge of <b>Jesus Led<\/b>\r\n                        <\/p>\r\n\r\n            \r\n                    <\/a>\r\n        \r\n                    <p class=\"curs\">\r\n                        Curs 2025\/26\r\n                    <\/p>\r\n\r\n            \r\n                    <p class=\"public\">\r\n                        Aimed at over 18s\r\n                    <\/p>\r\n\r\n            \r\n                    <a style=\"text-decoration: none;\" class=\"custom-button\" target=\"_blank\" href=\"https:\/\/academiabellesarts.org\/eng\/cursos-i-tallers\/taller-de-pintura\/\">\r\n                        More information\r\n                    <\/a>\r\n\r\n            \r\n                <\/div>\r\n            <\/div>\r\n\t\t\t<\/div>\r\n        \r\n    <\/div>\r\n<\/div><\/div>\n\n<\/div><\/div>","protected":false},"excerpt":{"rendered":"","protected":false},"author":1,"featured_media":0,"parent":0,"menu_order":2,"comment_status":"closed","ping_status":"closed","template":"","meta":{"_acf_changed":false,"_kad_blocks_custom_css":"","_kad_blocks_head_custom_js":"","_kad_blocks_body_custom_js":"","_kad_blocks_footer_custom_js":"","_kad_post_transparent":"","_kad_post_title":"","_kad_post_layout":"fullwidth","_kad_post_sidebar_id":"","_kad_post_content_style":"unboxed","_kad_post_vertical_padding":"","_kad_post_feature":"","_kad_post_feature_position":"","_kad_post_header":false,"_kad_post_footer":false,"_kad_post_classname":"","footnotes":""},"class_list":["post-19","page","type-page","status-publish","hentry"],"acf":[],"yoast_head":"<!-- This site is optimized with the Yoast SEO plugin v27.2 - https:\/\/yoast.com\/product\/yoast-seo-wordpress\/ -->\n<title>Cursos i tallers - Acad\u00e8mia de Belles Arts de Sabadell FP<\/title>\n<meta name=\"robots\" content=\"index, follow, max-snippet:-1, max-image-preview:large, max-video-preview:-1\" \/>\n<link rel=\"canonical\" href=\"https:\/\/academiabellesarts.org\/eng\/cursos-i-tallers\/\" \/>\n<meta property=\"og:locale\" content=\"en_GB\" \/>\n<meta property=\"og:type\" content=\"article\" \/>\n<meta property=\"og:title\" content=\"Cursos i tallers - Acad\u00e8mia de Belles Arts de Sabadell FP\" \/>\n<meta property=\"og:url\" content=\"https:\/\/academiabellesarts.org\/eng\/cursos-i-tallers\/\" \/>\n<meta property=\"og:site_name\" content=\"Acad\u00e8mia de Belles Arts de Sabadell FP\" \/>\n<meta property=\"article:modified_time\" content=\"2023-11-10T09:01:47+00:00\" \/>\n<meta name=\"twitter:card\" content=\"summary_large_image\" \/>\n<script type=\"application\/ld+json\" class=\"yoast-schema-graph\">{\"@context\":\"https:\/\/schema.org\",\"@graph\":[{\"@type\":\"WebPage\",\"@id\":\"https:\/\/academiabellesarts.org\/cursos-i-tallers\/\",\"url\":\"https:\/\/academiabellesarts.org\/cursos-i-tallers\/\",\"name\":\"Cursos i tallers - Acad\u00e8mia de Belles Arts de Sabadell FP\",\"isPartOf\":{\"@id\":\"https:\/\/academiabellesarts.org\/#website\"},\"datePublished\":\"2023-03-16T08:31:13+00:00\",\"dateModified\":\"2023-11-10T09:01:47+00:00\",\"breadcrumb\":{\"@id\":\"https:\/\/academiabellesarts.org\/cursos-i-tallers\/#breadcrumb\"},\"inLanguage\":\"en-GB\",\"potentialAction\":[{\"@type\":\"ReadAction\",\"target\":[\"https:\/\/academiabellesarts.org\/cursos-i-tallers\/\"]}]},{\"@type\":\"BreadcrumbList\",\"@id\":\"https:\/\/academiabellesarts.org\/cursos-i-tallers\/#breadcrumb\",\"itemListElement\":[{\"@type\":\"ListItem\",\"position\":1,\"name\":\"Inici\",\"item\":\"https:\/\/academiabellesarts.org\/\"},{\"@type\":\"ListItem\",\"position\":2,\"name\":\"Cursos i tallers\"}]},{\"@type\":\"WebSite\",\"@id\":\"https:\/\/academiabellesarts.org\/#website\",\"url\":\"https:\/\/academiabellesarts.org\/\",\"name\":\"Acad\u00e8mia de Belles Arts de Sabadell FP\",\"description\":\"Entitat dedicada a la promoci\u00f3 i divulgaci\u00f3 de la cultura art\u00edstica local\",\"publisher\":{\"@id\":\"https:\/\/academiabellesarts.org\/#organization\"},\"potentialAction\":[{\"@type\":\"SearchAction\",\"target\":{\"@type\":\"EntryPoint\",\"urlTemplate\":\"https:\/\/academiabellesarts.org\/?s={search_term_string}\"},\"query-input\":{\"@type\":\"PropertyValueSpecification\",\"valueRequired\":true,\"valueName\":\"search_term_string\"}}],\"inLanguage\":\"en-GB\"},{\"@type\":\"Organization\",\"@id\":\"https:\/\/academiabellesarts.org\/#organization\",\"name\":\"Acad\u00e8mia de Belles Arts de Sabadell FP\",\"url\":\"https:\/\/academiabellesarts.org\/\",\"logo\":{\"@type\":\"ImageObject\",\"inLanguage\":\"en-GB\",\"@id\":\"https:\/\/academiabellesarts.org\/#\/schema\/logo\/image\/\",\"url\":\"https:\/\/academiabellesarts.org\/wp-content\/uploads\/2024\/03\/cropped-logos-junts.png\",\"contentUrl\":\"https:\/\/academiabellesarts.org\/wp-content\/uploads\/2024\/03\/cropped-logos-junts.png\",\"width\":3367,\"height\":960,\"caption\":\"Acad\u00e8mia de Belles Arts de Sabadell FP\"},\"image\":{\"@id\":\"https:\/\/academiabellesarts.org\/#\/schema\/logo\/image\/\"},\"sameAs\":[\"https:\/\/www.instagram.com\/academiabellesarts\/\"]}]}<\/script>\n<!-- \/ Yoast SEO plugin. -->","yoast_head_json":{"title":"Cursos i tallers - Acad\u00e8mia de Belles Arts de Sabadell FP","robots":{"index":"index","follow":"follow","max-snippet":"max-snippet:-1","max-image-preview":"max-image-preview:large","max-video-preview":"max-video-preview:-1"},"canonical":"https:\/\/academiabellesarts.org\/eng\/cursos-i-tallers\/","og_locale":"en_GB","og_type":"article","og_title":"Cursos i tallers - Acad\u00e8mia de Belles Arts de Sabadell FP","og_url":"https:\/\/academiabellesarts.org\/eng\/cursos-i-tallers\/","og_site_name":"Acad\u00e8mia de Belles Arts de Sabadell FP","article_modified_time":"2023-11-10T09:01:47+00:00","twitter_card":"summary_large_image","schema":{"@context":"https:\/\/schema.org","@graph":[{"@type":"WebPage","@id":"https:\/\/academiabellesarts.org\/cursos-i-tallers\/","url":"https:\/\/academiabellesarts.org\/cursos-i-tallers\/","name":"Cursos i tallers - Acad\u00e8mia de Belles Arts de Sabadell FP","isPartOf":{"@id":"https:\/\/academiabellesarts.org\/#website"},"datePublished":"2023-03-16T08:31:13+00:00","dateModified":"2023-11-10T09:01:47+00:00","breadcrumb":{"@id":"https:\/\/academiabellesarts.org\/cursos-i-tallers\/#breadcrumb"},"inLanguage":"en-GB","potentialAction":[{"@type":"ReadAction","target":["https:\/\/academiabellesarts.org\/cursos-i-tallers\/"]}]},{"@type":"BreadcrumbList","@id":"https:\/\/academiabellesarts.org\/cursos-i-tallers\/#breadcrumb","itemListElement":[{"@type":"ListItem","position":1,"name":"Inici","item":"https:\/\/academiabellesarts.org\/"},{"@type":"ListItem","position":2,"name":"Cursos i tallers"}]},{"@type":"WebSite","@id":"https:\/\/academiabellesarts.org\/#website","url":"https:\/\/academiabellesarts.org\/","name":"Acad\u00e8mia de Belles Arts de Sabadell FP","description":"Entitat dedicada a la promoci\u00f3 i divulgaci\u00f3 de la cultura art\u00edstica local","publisher":{"@id":"https:\/\/academiabellesarts.org\/#organization"},"potentialAction":[{"@type":"SearchAction","target":{"@type":"EntryPoint","urlTemplate":"https:\/\/academiabellesarts.org\/?s={search_term_string}"},"query-input":{"@type":"PropertyValueSpecification","valueRequired":true,"valueName":"search_term_string"}}],"inLanguage":"en-GB"},{"@type":"Organization","@id":"https:\/\/academiabellesarts.org\/#organization","name":"Acad\u00e8mia de Belles Arts de Sabadell FP","url":"https:\/\/academiabellesarts.org\/","logo":{"@type":"ImageObject","inLanguage":"en-GB","@id":"https:\/\/academiabellesarts.org\/#\/schema\/logo\/image\/","url":"https:\/\/academiabellesarts.org\/wp-content\/uploads\/2024\/03\/cropped-logos-junts.png","contentUrl":"https:\/\/academiabellesarts.org\/wp-content\/uploads\/2024\/03\/cropped-logos-junts.png","width":3367,"height":960,"caption":"Acad\u00e8mia de Belles Arts de Sabadell FP"},"image":{"@id":"https:\/\/academiabellesarts.org\/#\/schema\/logo\/image\/"},"sameAs":["https:\/\/www.instagram.com\/academiabellesarts\/"]}]}},"taxonomy_info":[],"featured_image_src_large":false,"author_info":{"display_name":"admin","author_link":"https:\/\/academiabellesarts.org\/eng\/author\/admin_2ekuakj4\/"},"comment_info":0,"_links":{"self":[{"href":"https:\/\/academiabellesarts.org\/eng\/wp-json\/wp\/v2\/pages\/19","targetHints":{"allow":["GET"]}}],"collection":[{"href":"https:\/\/academiabellesarts.org\/eng\/wp-json\/wp\/v2\/pages"}],"about":[{"href":"https:\/\/academiabellesarts.org\/eng\/wp-json\/wp\/v2\/types\/page"}],"author":[{"embeddable":true,"href":"https:\/\/academiabellesarts.org\/eng\/wp-json\/wp\/v2\/users\/1"}],"replies":[{"embeddable":true,"href":"https:\/\/academiabellesarts.org\/eng\/wp-json\/wp\/v2\/comments?post=19"}],"version-history":[{"count":0,"href":"https:\/\/academiabellesarts.org\/eng\/wp-json\/wp\/v2\/pages\/19\/revisions"}],"wp:attachment":[{"href":"https:\/\/academiabellesarts.org\/eng\/wp-json\/wp\/v2\/media?parent=19"}],"curies":[{"name":"wp","href":"https:\/\/api.w.org\/{rel}","templated":true}]}}