{"version":"1.0","provider_name":"Acad\u00e8mia de Belles Arts de Sabadell FP","provider_url":"https:\/\/academiabellesarts.org\/eng","title":"Art, ofici i extinci\u00f3 - Acad\u00e8mia de Belles Arts de Sabadell FP","type":"rich","width":600,"height":338,"html":"<blockquote class=\"wp-embedded-content\" data-secret=\"HhGrsB269X\"><a href=\"https:\/\/academiabellesarts.org\/eng\/exposicio\/art-ofici\/\">Art, ofici i extinci\u00f3<\/a><\/blockquote><iframe sandbox=\"allow-scripts\" security=\"restricted\" src=\"https:\/\/academiabellesarts.org\/eng\/exposicio\/art-ofici\/embed\/#?secret=HhGrsB269X\" width=\"600\" height=\"338\" title=\"&#8220;Art, ofici i extinci\u00f3&#8221; &#8212; Acad\u00e8mia de Belles Arts de Sabadell FP\" data-secret=\"HhGrsB269X\" frameborder=\"0\" marginwidth=\"0\" marginheight=\"0\" scrolling=\"no\" class=\"wp-embedded-content\"><\/iframe><script>\n\/*! This file is auto-generated *\/\n!function(d,l){\"use strict\";l.querySelector&&d.addEventListener&&\"undefined\"!=typeof URL&&(d.wp=d.wp||{},d.wp.receiveEmbedMessage||(d.wp.receiveEmbedMessage=function(e){var t=e.data;if((t||t.secret||t.message||t.value)&&!\/[^a-zA-Z0-9]\/.test(t.secret)){for(var s,r,n,a=l.querySelectorAll('iframe[data-secret=\"'+t.secret+'\"]'),o=l.querySelectorAll('blockquote[data-secret=\"'+t.secret+'\"]'),c=new RegExp(\"^https?:$\",\"i\"),i=0;i<o.length;i++)o[i].style.display=\"none\";for(i=0;i<a.length;i++)s=a[i],e.source===s.contentWindow&&(s.removeAttribute(\"style\"),\"height\"===t.message?(1e3<(r=parseInt(t.value,10))?r=1e3:~~r<200&&(r=200),s.height=r):\"link\"===t.message&&(r=new URL(s.getAttribute(\"src\")),n=new URL(t.value),c.test(n.protocol))&&n.host===r.host&&l.activeElement===s&&(d.top.location.href=t.value))}},d.addEventListener(\"message\",d.wp.receiveEmbedMessage,!1),l.addEventListener(\"DOMContentLoaded\",function(){for(var e,t,s=l.querySelectorAll(\"iframe.wp-embedded-content\"),r=0;r<s.length;r++)(t=(e=s[r]).getAttribute(\"data-secret\"))||(t=Math.random().toString(36).substring(2,12),e.src+=\"#?secret=\"+t,e.setAttribute(\"data-secret\",t)),e.contentWindow.postMessage({message:\"ready\",secret:t},\"*\")},!1)))}(window,document);\n\/\/# sourceURL=https:\/\/academiabellesarts.org\/wp-includes\/js\/wp-embed.min.js\n<\/script>","thumbnail_url":"https:\/\/academiabellesarts.org\/wp-content\/uploads\/2025\/10\/Imatge-flyer_Jorge-Alba.jpg","thumbnail_width":1748,"thumbnail_height":1240,"description":"Les noves tecnologies, la gentrificaci\u00f3 o, simplement, la manca d\u2019inter\u00e8s de les noves generacions fan que antics oficis que encara formen part del teixit urb\u00e0 es trobin en un perill evident d\u2019extinci\u00f3. Oficis que, en molts casos, corresponen a petites empreses familiars heretades de pares a fills i que custodien molt m\u00e9s que coneixements t\u00e8cnics \u2014podem parlar, fins i tot, d\u2019oficis amb una dimensi\u00f3 art\u00edstica.Amb aquesta exposici\u00f3 proposo un petit homenatge a tots aquells oficis que, com el d\u2019aquest modest impressor i tip\u00f2graf d\u2019una petita impremta, desapareixeran amb la seva jubilaci\u00f3 i sense possibilitat de continu\u00eftat, deixant enrere un espai que probablement esdevindr\u00e0 objecte de l\u2019especulaci\u00f3 urban\u00edstica."}

Acadèmia de Belles Arts de Sabadell FP

Art, ofici i extinció - Acadèmia de Belles Arts de Sabadell FP

<blockquote class="wp-embedded-content" data-secret="HhGrsB269X"><a href="https://academiabellesarts.org/eng/exposicio/art-ofici/">Art, ofici i extinció</a></blockquote><iframe sandbox="allow-scripts" security="restricted" src="https://academiabellesarts.org/eng/exposicio/art-ofici/embed/#?secret=HhGrsB269X" width="600" height="338" title="&#8220;Art, ofici i extinció&#8221; &#8212; Acadèmia de Belles Arts de Sabadell FP" data-secret="HhGrsB269X" frameborder="0" marginwidth="0" marginheight="0" scrolling="no" class="wp-embedded-content"></iframe><script>
/*! This file is auto-generated */
!function(d,l){"use strict";l.querySelector&&d.addEventListener&&"undefined"!=typeof URL&&(d.wp=d.wp||{},d.wp.receiveEmbedMessage||(d.wp.receiveEmbedMessage=function(e){var t=e.data;if((t||t.secret||t.message||t.value)&&!/[^a-zA-Z0-9]/.test(t.secret)){for(var s,r,n,a=l.querySelectorAll('iframe[data-secret="'+t.secret+'"]'),o=l.querySelectorAll('blockquote[data-secret="'+t.secret+'"]'),c=new RegExp("^https?:$","i"),i=0;i<o.length;i++)o[i].style.display="none";for(i=0;i<a.length;i++)s=a[i],e.source===s.contentWindow&&(s.removeAttribute("style"),"height"===t.message?(1e3<(r=parseInt(t.value,10))?r=1e3:~~r<200&&(r=200),s.height=r):"link"===t.message&&(r=new URL(s.getAttribute("src")),n=new URL(t.value),c.test(n.protocol))&&n.host===r.host&&l.activeElement===s&&(d.top.location.href=t.value))}},d.addEventListener("message",d.wp.receiveEmbedMessage,!1),l.addEventListener("DOMContentLoaded",function(){for(var e,t,s=l.querySelectorAll("iframe.wp-embedded-content"),r=0;r<s.length;r++)(t=(e=s[r]).getAttribute("data-secret"))||(t=Math.random().toString(36).substring(2,12),e.src+="#?secret="+t,e.setAttribute("data-secret",t)),e.contentWindow.postMessage({message:"ready",secret:t},"*")},!1)))}(window,document);
//# sourceURL=https://academiabellesarts.org/wp-includes/js/wp-embed.min.js
</script>

Les noves tecnologies, la gentrificació o, simplement, la manca d’interès de les noves generacions fan que antics oficis que encara formen part del teixit urbà es trobin en un perill evident d’extinció. Oficis que, en molts casos, corresponen a petites empreses familiars heretades de pares a fills i que custodien molt més que coneixements tècnics —podem parlar, fins i tot, d’oficis amb una dimensió artística.Amb aquesta exposició proposo un petit homenatge a tots aquells oficis que, com el d’aquest modest impressor i tipògraf d’una petita impremta, desapareixeran amb la seva jubilació i sense possibilitat de continuïtat, deixant enrere un espai que probablement esdevindrà objecte de l’especulació urbanística.
